t are the prime factors of u?
2, 3, 13
Let a be (-2)/4 - 193/(-2). Suppose 2*m + 0*m - a = 0. What are the prime factors of m?
2, 3
Suppose 4*j + 27 + 13 = 0. Let p be (810/j)/((-6)/(-4)). List the prime factors of (-170)/51*p/5.
2, 3
Suppose 11*j + 5251 = 52793. What are the prime factors of j?
2, 2161
Let o = 25 - 23. What are the prime factors of 82*(o - (4 + -3))?
2, 41
Suppose 0 = 2*n - 7 - 9. Let r(k) = -2 + n*k - 3*k + 1. List the prime factors of r(5).
2, 3
Suppose -20*g + 67614 = 39*g. List the prime factors of g.
2, 3, 191
What are the prime factors of 43/(-4) + 11 - 7819/(-4)?
5, 17, 23
Let h(w) = -3*w**3 - 11*w**2 + 13*w - 7. List the prime factors of h(-7).
2, 7
Let n(l) = -59*l + 61. List the prime factors of n(-8).
13, 41
Let q be -1 - (-4 - -1) - 1660/(-2). Suppose 5*m = 3*w - q, -2*w = -m - 634 + 77. What are the prime factors of w?
3, 31
Let i = -2218 + 4573. List the prime factors of i.
3, 5, 157
Let i be 8/(-10)*(-65)/26. Suppose 2*v + 2*m = 6*v - 184, i*v = -5*m + 68. What are the prime factors of v?
2, 11
Let a be -1 + 3/(-6)*-92. Suppose -105 = 3*d + a. Let w = 72 + d. List the prime factors of w.
2, 11
Let i(x) be the third derivative of x**5/20 - x**3/6 - 4*x**2. Let y be i(1). Suppose y*b - 4*b = -8. What are the prime factors of b?
2
Let g(z) = -z**2 + z + 5. Let w be g(0). Suppose -4*s - 12 = 0, w*k - 5*s = -0*s + 225. Suppose 4*a = k + 50. What are the prime factors of a?
23
Let k(l) = l**3 - 3*l**2 - 3*l - 3. Let f be k(4). Let i be 2 - (-1)/(f/1). Suppose 60 = 5*b + i*o, -3*o - 80 = -4*b + o. What are the prime factors of b?
3, 5
Let g = 9 - -220. List the prime factors of g.
229
Let r = 154 - 71. Suppose -v - x = -0*v - r, 2*v - 173 = 5*x. Suppose -3*n - v = -10*n. List the prime factors of n.
2, 3
Suppose 83 = 5*i - m - 0*m, 87 = 5*i + m. Suppose 0 = y - i. What are the prime factors of y?
17
Suppose 182*m - 988 = 180*m. What are the prime factors of m?
2, 13, 19
Let m(o) = 2*o**2 + 3*o + 4. Let d be m(-2). Suppose 3*y - 39 = c, -d*y - 3*c + 65 = -2*y. What are the prime factors of y?
2, 7
Let q = 1773 - 1193. List the prime factors of q.
2, 5, 29
Let s be (2/(-8)*2)/(20/120). Let g(q) = -7*q**2 + 2*q**3 - 4 + 3*q**2 - 4*q - 5*q**3. What are the prime factors of g(s)?
53
Suppose 4*g + 155 = 167. Let r be 5/10 - (-1)/(-2). Suppose r = 5*a + 15, 0 = v - 6*v + g*a + 279. What are the prime factors of v?
2, 3
Suppose 594 = 3*n + 3*b, 3*b = 3*n - 8*n + 994. Suppose -12*q + 4*q + n = 0. Suppose w - 25 = -0*v + 3*v, 0 = 5*w + 5*v - q. List the prime factors of w.
2, 5
Let j(s) = 2*s - 28 + 61 + 5*s. What are the prime factors of j(13)?
2, 31
Suppose 0*o + o = 32. Let f = 35 - o. Suppose -4*x - 4*w + 96 = 0, 24 + 14 = 2*x - f*w. List the prime factors of x.
2, 11
Suppose h - 16 = 2*b, -4*b = -b + 15. Suppose 2*a = -2 + h. Let u(c) = 3*c**3 - 2*c**2 - c. List the prime factors of u(a).
2, 7
Suppose 2*v = 2, -74 = c + 3*v - 5*v. Let n = 131 + c. List the prime factors of n.
59
Let h = 855 + -381. What are the prime factors of h?
2, 3, 79
Let m = 44 - 43. Let f(z) = 10*z**2 + 2*z + 1 - 2*z. What are the prime factors of f(m)?
11
Let h(r) = 5*r**2 + r - 8. Let o(k) = -9*k**2 - k + 15. Let l(b) = -11*h(b) - 6*o(b). List the prime factors of l(-4).
2
Let a = 257 - 127. Suppose g = 3*g - a. Suppose -5*f - 2*u + g = 0, -4*f - 2*u = u - 52. List the prime factors of f.
13
Suppose 6300 = 23*w - 1428. List the prime factors of w.
2, 3, 7
Suppose 5*k + 3*c = 36, 2*k - 5*c + 0 - 2 = 0. Suppose 0 = y - k + 1. Suppose y*m = -0*m + 250. List the prime factors of m.
2, 5
Suppose 5*o - 1025 = 3*w, -4*o + 5*o + w = 197. What are the prime factors of o?
2, 101
Suppose 3*i - 19 = -5*b, -2*b - 3*i = -6*b - 1. Suppose 0 = -b*v - 4*d - 38, v + 3*d + 12 = -8. Let n = v - -43. What are the prime factors of n?
2, 13
Let v(l) = -l**3 + 5*l**2 + l - 5. Let h = -2 + 7. Let n be v(h). Suppose n = -2*w - 0*w + 4. What are the prime factors of w?
2
Let h(y) = -2*y - 8. Let s be h(-4). Suppose 0*i - i = s. Suppose -20 = -5*u - f, -4*u + 3*f + 16 = -i*f. List the prime factors of u.
2
Let t(u) be the first derivative of u**4/4 + 3*u**3 + u**2 - 5*u + 9. List the prime factors of t(-7).
79
Suppose 0 = -5*l + s + 11472 + 1494, 0 = -2*l + 3*s + 5189. What are the prime factors of l?
2593
Let m be (0 - (-4 - -7))*(-218 - -1). Suppose -2*i = v - 168, 3*v + i - m = -v. List the prime factors of v.
2, 3
Let q = 69 - 10. List the prime factors of -4 + 0 - (-1 - q).
2, 7
Suppose 2*u - 6*u = -12. Suppose 676 = 7*j - u*j. Let a = j + -111. List the prime factors of a.
2, 29
Suppose -15 = -3*s - 0*s. Suppose -9*f = -s*f - 56. List the prime factors of f.
2, 7
Suppose 4*q + 12 = 4*f, 2 = -f + 3*q + 7. List the prime factors of 64 - (0 + f)/(-2)*0.
2
Let c(w) = 3*w - 11. Let t(v) = v - 4. Let i(z) = 2*c(z) - 7*t(z). Let g be i(5). List the prime factors of 7 + g + 8/(-4).
2, 3
Suppose -1794 = -3*c + 3*j, -9*c - 2*j = -6*c - 1774. What are the prime factors of c?
2, 3, 11
Let j = -1037 + 2692. What are the prime factors of j?
5, 331
Let o(s) be the third derivative of 0 + 8*s**2 + 0*s + 1/12*s**4 + 5/6*s**3. List the prime factors of o(7).
19
Let b = -33 + 59. List the prime factors of b.
2, 13
Let y = -1344 - -1903. What are the prime factors of y?
13, 43
Suppose -4116 = -2*f - 5*f. List the prime factors of f.
2, 3, 7
List the prime factors of (-42)/(-6) + -17 + 37.
3
Suppose -3*l - 3*l = -108. List the prime factors of (-3)/(l/(-40))*(-66)/(-5).
2, 11
Let c(z) = 7*z**2 + 5*z - 89. List the prime factors of c(8).
3, 7, 19
Suppose -3*t - 2*d - 10 = 2*d, 0 = -2*t + 4*d + 20. Suppose -r + k + 14 = 0, 2*k + 13 = -t*r + 3*r. Suppose r*q - 92 = 11*q. List the prime factors of q.
23
Let d be 2/((-2)/(2*-202)). Suppose 6*a = 2*a + d. What are the prime factors of a?
101
Suppose 478 + 95 = d. List the prime factors of d.
3, 191
Let p be ((-15)/(-10))/(12/224). Suppose -q - 9 = -271. Suppose p + q = 5*n + 4*z, z - 5 = 0. What are the prime factors of n?
2, 3
Suppose 12*j - 2961 = -537. Suppose -4*s + 4*n = -282 - j, -n - 490 = -4*s. List the prime factors of s.
3, 41
Let o = -3618 + 8068. List the prime factors of o.
2, 5, 89
Suppose -3*i + 2*s + 36 = 0, 4*i + 5*s - 46 = -21. What are the prime factors of (15/(-12))/(i/(-960))?
2, 3, 5
Suppose 5*n - t = 2*n + 5, -3*t = 3*n + 3. List the prime factors of -19*n/(-3)*(8 + 1).
3, 19
Suppose 11*a - 774 = 5*a. Suppose -h - a = 2*h. Let m = h + 92. What are the prime factors of m?
7
Suppose 12*l + 150 = 14*l. Let i be (-4)/(-8) - (-156)/(-8). Let v = i + l. List the prime factors of v.
2, 7
Suppose 711 = 4*s - 57. Let m = 327 - s. List the prime factors of m.
3, 5
Suppose -t - z + 4 = 0, 6*t + 4*z - 20 = t. Let i(q) = 69*q**3 + t*q + 5 + 10*q**2 - 70*q**3 - 16*q. What are the prime factors of i(8)?
37
Suppose -a - k + 373 = 0, -4*a + 980 = 3*k - 511. List the prime factors of a.
2, 3, 31
Suppose 5*z + g - 55 = -2*g, 4*z = -2*g + 42. Let m = 26 - z. List the prime factors of m.
2, 3
Suppose -s + 5*d + 26 - 108 = 0, -d + 5 = 0. Let z = -96 - s. Let a = z - -71. List the prime factors of a.
2
Let p be (-6 + -3 - 3) + 2. Let r = 18 - p. Suppose -r = 4*f - 140. List the prime factors of f.
2, 7
Suppose 5*q - 1663 = 992. What are the prime factors of q?
3, 59
Let v be (46/(-3))/(8/(-12)). Let g = v - 7. Let n = g - 4. List the prime factors of n.
2, 3
Suppose -12*b + 25784 = 32*b. List the prime factors of b.
2, 293
Suppose 2*a = -4*q + q + 691, -4*a + 3*q = -1409. What are the prime factors of a?
2, 5, 7
Let h(o) = -168*o - 33. What are the prime factors of h(-10)?
3, 61
Suppose -46*c + 796 = -44*c. Let d = c + -252. What are the prime factors of d?
2, 73
Let x = 5 - 1. Suppose 86 = 4*o - 2*q, x*q + 80 = -2*o + 6*o. What are the prime factors of -3 + (-1)/(-1)*o?
2, 5
Let m = -9 + 14. Suppose 19 - 4 = -m*t. List the prime factors of (-117)/t - (2 + -4).
41
Let x = -58 + 83. Let n be x/10 - 3/6. What are the prime factors of 121/n + (-30)/(-20)?
2, 31
Suppose -285*o + 461 = -284*o. What are the prime factors of o?
461
Let w(u) = 113*u**3 - 5*u**2 + 4*u + 2. List the prime factors of w(2).
2, 3, 149
Let k(h) = h**2 + 8*h - 18. What are the prime factors of k(-12)?
2, 3, 5
Suppose -4*k - 13 = 3. What are the prime factors of (-725)/(-5